-11)).
-24
What is the value of -27 + 39 + -11 + (-1 - 34)?
-34
What is the value of 4 + (0 - (6 - (21 + -8))) - 70?
-59
172 + -83 + -12 - 144
-67
What is the value of -13 + 90 + -40 + -53 + 4?
-12
What is the value of -5 + 26 + (7 - 5) + (-65 - -52) + 85?
95
What is the value of -13 + -14 + (3 - (7 - (7 - -4)))?
-20
Calculate 33 + -68 - 14 - -56.
7
Evaluate (0 - -7 - (-3 + 2)) + -12 + 1 + -84.
-87
What is the value of 23 + (11 + -9 - -30)?
55
Evaluate -31 + (34 - 59) + 55.
-1
Calculate (7 - 4) + 54 + -52.
5
14 + (10 - 65) + 97
56
What is the value of 44 + -86 + 17 - -41?
16
Calculate (-1 - -14) + (44 + -5 - 26 - 25).
1
What is 50 + -136 - -84 - ((12 - -3) + 1 + 1)?
-19
Calculate 6 - (2 + -15 - -5) - (141 - (0 + 27)).
-100
What is the value of 86 + (1 - (-6 - -9) - (8 - (-9 + 28)))?
95
What is 86 + -60 + 57 + -158?
-75
What is the value of -95 + 53 + -13 + (-19 - -14) + 1 + 15?
-44
What is 22 - (156 - 73 - 132)?
71
Calculate (-1 - (-1 - 2)) + (-125 - -8) + 1939 + -1953.
-129
-23 + 49 - 77 - 24
-75
What is the value of 62 + -77 + -14 - (-22 - 3)?
-4
Calculate -28 + 0 + -194 + -11 + 177.
-56
11 - (2 + -1) - (19 + 36 + -4)
-41
Calculate (62 - -2) + (6 - 67) + 52.
55
Calculate (12 + -23 - (1 - -5)) + -1 + 5 - 9.
-22
What is -66 - 5 - (70 + -39)?
-102
Calculate (-4 + 1 - ((-44 - -21) + 18) - 5) + -5.
-8
Evaluate 41 - (-26 + (33 - -21)).
13
What is the value of -1 + 12 + (3 - -16 - (-41 - -26))?
45
What is 1 + -54 + (4 - 5) - (-127 + (82 - -35))?
-44
-59 - (44 + -46 + -82)
25
What is the value of -57 + (46 + -16 - 24) - (-3 - 1 - 0)?
-47
What is (29 - 14 - 27) + 7 + -39?
-44
Calculate 146 - (49 + 58 + -50) - (14 - 1 - 1).
77
(3 - 1) + -13 + 9 + 50
48
-12 + -1 + (34 - 5) + -771 + 658
-97
What is the value of (15 - (14 + 113)) + -11 + (8 - -12)?
-103
What is the value of -20 - (38 + -40 + -41)?
23
39 + 0 - (416 + -365)
-12
What is -56 + (-90 - -226) + -72?
8
What is 92 - (-24 - (-228 - -97))?
-15
What is (-16 + -2 - (-16 - (-29 - -11))) + -8?
-28
Evaluate 10 + (717 - 746 - (-1 - 1 - -1)).
-18
Evaluate -1 + 4 + -2 + 6 + (1477 - 1490) + 44.
38
What is (945 - 889) + (1 - 6)?
51
Calculate -78 - -49 - (43 + 22) - (2 + 1).
-97
What is the value of (0 - -12) + -574 + 597 - 3?
32
What is the value of -2 + -16 + -83 + 96?
-5
What is the value of 2 + 1 + 0 - 1 - (-24 - (-388 - -268))?
-94
What is -31 + (51 - 69 - -117)?
68
Evaluate 4 - 120 - (522 - 511).
-127
72 + (13 - 6) + -22 + -11
46
Evaluate -6 - (22 + -32 + 8).
-4
Evaluate 2 - (-4 - -32 - (6 - -9)).
-11
Evaluate 82 + -29 + -202 - -69.
-80
Evaluate 2 + -3 + (5 - 9) + 775 + -755.
15
What is the value of 1 + 7 - 19 - (-11 - -6) - 43?
-49
Calculate -138 + 83 + -4 + 23.
-36
What is the value of 131 + (-41 - -30) + -228?
-108
-56 - ((77 - 75) + 8 + 4 + (0 - 3))
-67
Evaluate -278 + 288 - (-74 - (-8 + -5 + 6)).
77
Calculate ((-15 - 3) + 48 - 20) + 4.
14
Calculate -48394 + 48397 - (125 + (-2 - -2)).
-122
Calculate -41 + 64 - (-9 + (6 - (3 - -4))).
33
Evaluate 5 + 3 + -40 + 17 + -24 + -3.
-42
-18 + (11 - -14) - (19 - 4 - (0 + 3))
-5
(-16 + -9 - -46) + -4 + (1 - (2 - 6))
22
What is the value of 58 - (-3 + 12) - -2 - (-7 + 17)?
41
Evaluate -44 + 23 + (-32 - -27).
-26
What is the value of 56 - (9 - -3) - 83?
-39
What is the value of -48 + (16 - -9) + -25?
-48
Evaluate 102 + -79 + -75 + 9.
-43
Calculate (18 - 2) + -5 + (-79 - 9).
-77
2425 + -2330 + -28 + (3 - 3)
67
What is the value of (2 - 5) + 3 - (-17 - -38 - 35)?
14
What is -1 + 13 + 43 + (8 + 6 - 20) + -12?
37
What is the value of 88 + 11 + (14 - -6) + -65?
54
What is the value of (3 - (-4 + 7)) + -44 - (47 - 46)?
-45
(15 - (22 + 4)) + -1 + 24
12
-104 + 155 + -58 - -97
90
-17 - (8 - ((0 - 0 - 9) + (-598 - -614)))
-18
Evaluate -38 - ((-18 - -46) + -20).
-46
Evaluate -1 + -5 + (7 - -12) + -29 + -23 + 10.
-29
What is (-215 + 106 - -86) + (-1 - -61)?
37
What is (81 + 0 - ((-10 - (28 + -40)) + 2)) + 5?
82
What is -53 + 54 + -26 + 58?
33
Calculate 11 - (1 + (19 - 4) + -4).
-1
Evaluate -44 - (-60 - -56 - -11).
-51
Calculate (-3 - -1 - 90) + 382 + -88 + -296.
-94
What is -55 - (7 + (2 - 22 - -2 - (-51 + 44)))?
-51
Evaluate -23 - (13 + 69 - 30).
-75
(-23 - (8 + -17 - 16)) + 1 + -8
-5
Evaluate -3 + (14 - (3 - 5)) + (85 - (459 - 211)).
-150
(13 - (27 + -4)) + (6 - 0) - -37
33
What is the value of 20 - ((19 + 39 - 25) + -13)?
0
-22064 + 22124 + -27 + 0
33
What is the value of -2 + (0 - -6) + (68 - -7) + (304 - 245)?
138
Calculate -8 + (19 + -26 - 5 - -11) + 0 + -12.
-21
Calculate -52 + (-46 - (-46 - 105)).
53
Evaluate -33 - -54 - 35 - -20.
6
Evaluate (-4 - -71) + -48 - 66.
-47
Calculate 24 + 33 + -39 + 25.
43
Evaluate 2 - -67 - (6 - 1) - (-719 - -741).
42
Calculate -87 + (-11 - 0 - -5 - (-14 + -10 + 13)).
-82
Evaluate (-2 - -2 - -8) + 680 + -700 + -11.
-23
Evaluate (-50 - -110) + -76 - (-49 - 1).
34
What is the value of (0 - 86) + (-126 + -150 - -303)?
-59
What is -2 - ((5 - (28 - 18)) + -42)?
45
What is the value of 4 + -7 + (15 - ((-16 - 26) + 18))?
36
What is the value of -55 + 0 - (-9 + 0 + 60 + -106 + 66)?
-66
Evaluate -40 + 69 + 1 + -23.
7
Evaluate 9 + (1 - -3) + -5 - (1572 + -1552).
-12
Calculate 0 + 43 + (-318 - -314).
39
37 - (79 + (86 - 97))
-31
What is (18 - (17 - (17 + -12 + 8))) + -54?
-40
Evaluate 25 - (-90 + (110 - -66)).
-61
Evaluate 57 + 61 + -35 + -99.
-16
What is 10 + (4 - 28 - (-29 - (-27 - 1)))?
-13
What is the value of -1 + 27 + -848 + 825 - (-1 + 35)?
-31
What is the value of 3 + (-11 - (-53 - 8) - -2 - 4)?
51
What is -9 + 43 + -104 + 74 - -73?
77
What is the value of 118 + -129 - (1 + -11)?
-1
What is the value of (15 + 8 - (0 - -2)) + (-345 - -346)?
22
Evaluate 301 + -406 + 156 - (22 + 1).
28
Evaluate -79 - (-46 + 31 + -40).
-24
What is the value of -223 + (112 - 22) - -63?
-70
5 - (-2 + -49 - (-10 - ((4 - -8) + -22)))
56
18 - ((96 - 25) + 11) - (-2 + -1 - -8)
-69
What is the value of -10 - (-22 + 12 + (-18 - -14))?
4
What is 8 + (90 - ((17 - 31) + 18 + -7))?
101
What is the value of 71 + -27 + -36 + (-1 - 1 - 48)?
-42
6 + (30 - 15) + -4
17
Calculate (5 - (-2 + -6) - (23 - 6)) + (64 - -2).
62
What is 19 + (49 - 158) + 60?
-30
Calculate 27 - 65 - -47 - (-2 + 14 + 1).
-4
What is (48 - 49) + (-1 - 2) - (-15 - (-9 - 4))?
-2
What is the value of (8 - (-65 + 2)) + 5 + -3 + -9?
64
26 + 9 - (-186 + 214)
7
Calculate 56 + -117 - (-1 - (17 - -3)).
-40
What is -17 + 13 - (-13 - (-35 - -3))?
-23
What is 29 + 54 + -46 - (8 + 0)?
29
What is -25 + 39 + 8 - 36?
-14
12 - 1 - ((-77 - -41) + 41) - (1 + 47)
-42
Calculate 11 + (77 - 1) + -14.
73
Evaluate 3 + -27 + -2 + (8 - (-2 - -2 - -7)).
-25
What is -14 - -5 - (-1370 - -1301)?
60
Evaluate -2 - 44 - (890 - 844).
-92
Evaluate 0 - 44 - (-117 - (-289 - -183)).
-33
What is the value of -85 + -174 + 93 + 104?
-62
What is 6 + (-33 - (-3 - (-2 + -2))) + (-151 - -153)?
-26
8 + 9 + -14 + 7 + -16 - -11
5
48 + 72 + -121 - (-135 - -3)
131
(5 - -2) + (7 + -36 - -21) + (-13 - -5)
-9
Calculate -49 - (9 + -11) - -10.
-37
Calculate 4 - 38 - (-707 + 776).
-103
What is (-87 - (-1 - 68) - (-32 - -5)) + (0 - -55)?
64
What is the value of (-18 - -9) + 4 + -42 + 8 + -1?
-40
What is (99 - 69 - (5 - -4 - -5)) + (5 - 1)?
20
What is the value of 3 + -14 + 18 - (13 - 56)?
50
What is the value of 3 + ((37 - 22) + -15 - -44)?
47
Evaluate (11 - 76) + (5 - 6) - ((-6 - 15) + 11).
-56
What is the value of 0 + (1 - -1) + 13 + (169 - (-18 - -189))?
13
What is the value of -3 + -2 - (30 - (43 + -14))?
-6
Calculate (16 - (11 - 23)) + -4 + 15 + -14.
25
Evaluate -447 + 444 + -42 + 2.
-43
What is 127 - 143 - (1 + -22 - 0)?
5
Evaluate 4 + 100 + (5 + (-13 - 9) - -3) + 20.
110
Evaluate -11 - (-69 - (-79 + -20)).
-41
Evaluate -20 - (-62 - (3 - 23) - 5).
27
(0 + -2 - 12 - (108 - (202 + -83))) + -105
-108
-4 + 26 + -9 + (53 - -37) + -32
71
(2 - -1) + 15 - (-130 + 144) - (44 - -1)
-41
Evaluate -2 + (8 - 3) + -4 - (4 + -14).
9
Calculate 412 - 345 - (12 + 77).
-22
Calculate -1 + 1 + 0 + -93 + (62 - (-113 + 185)).
-103
What is the value of 14 - (-30 + (-4 - -37) + -38)?
49
Evaluate (-40 - (-43 - -26)) + 25 + -72.
-70
Calculate -1 - -3 - (2 + 9) - (-1626 + 1557).
60
Evaluate 38 + (-82 - -12) + 81.
49
Evaluate 7926 - 7872 - (0 + 76).
-22
What is (-11 + 6 - -11) + -14 + 32 + -1 + 3?
26
Evaluate 44 - (4 + -27 + 18 - -2 - (2 + 3)).
52
-3752 + 3745 - (-1 - (0 + 17))
11
-3